r of s and 120?
15
Let m = -29 + 37. Let q(d) = -d**3 + 9*d**2 - 6*d - 11. Let r be q(m). Calculate the highest common divisor of 15 and r.
5
Let s(c) = -3*c**3 - 18*c**2 - 31*c - 18. Let k be s(-6). What is the greatest common divisor of 189 and k?
21
Let u(q) = 27*q + 23*q - 53*q + 91. Let k be u(0). What is the greatest common factor of 7 and k?
7
Suppose -5*d + 3 + 17 = 0. Suppose -d*n + 71 = 11. Let b be (8/(-5))/((-3)/n). Calculate the greatest common divisor of 4 and b.
4
Let m be (3/2)/(-2*12/64). Let z be (0 - -205)*(-1 + m/(-2)). What is the highest common divisor of z and 82?
41
Let g = 46 - 111. Let s = 129 + g. What is the highest common divisor of 96 and s?
32
Suppose z - 3*w = -10 - 2, z = -3*w + 18. Calculate the highest common factor of 15 and z.
3
Let v = -9 - -28. Suppose -271*i = -241*i - 570. What is the greatest common factor of v and i?
19
Let o = 58 - 20. Suppose u - o = -26. What is the highest common divisor of u and 4?
4
Let w(r) = 7*r**2 + 2*r - 2. Let s be (1 + -5)*1/(-4). Let n be 1/(2/3 - s). Let p be w(n). Calculate the greatest common factor of p and 11.
11
Let k be (1 - (-4 - -4 - 3)) + -5. Let g be (28/(-6))/(k - 1/(-3)). What is the highest common divisor of 49 and g?
7
Let v(n) = -9*n - 1. Let l be v(-3). Suppose l = 3*d - d. Suppose -d - 31 = -2*m. Calculate the highest common divisor of 176 and m.
22
Suppose -2*o = -5*g - 479, 6*g - 2*g - 259 = -o. What is the greatest common factor of 19 and o?
19
Let w(q) = 5*q**2 - 2*q - 5. Let t = -16 + 14. Let m be (10/(-4))/((-1)/t). Let r be w(m). What is the highest common divisor of 26 and r?
26
Let f = 54 - 32. Let u = -112 + 114. Calculate the highest common divisor of f and u.
2
Let u(h) = 4*h**2 + 2*h - 3. Let a be u(-3). Suppose 2*d - 31 = -j, 2*d + 5*j - 10 - 1 = 0. Calculate the highest common divisor of a and d.
9
Suppose 2*r + 3*o = 313, 0 = -3*r + o - 0*o + 486. Suppose 0 = 6*q - 289 - r. Let h be 25/2*1*2. Calculate the greatest common factor of h and q.
25
Suppose 5*c + 45 = 2*k, 3*c + 19 + 8 = 5*k. Let j(r) = -5*r. Let b be j(1). Let i = b - c. Calculate the greatest common factor of 1 and i.
1
Suppose 12*p - 47 = -23. Let r be 136/6 - (-6)/(-9). Calculate the highest common factor of r and p.
2
Let h = -47079 + 47103. Let t(c) = -c**3 + 7*c**2 - 3*c - 2. Let i be t(6). Calculate the highest common divisor of i and h.
8
Suppose 2*o = -2*u + 280, 0 = 2*u + 2*u. Suppose 0 = -w + r + 9 + 10, -2*w + 3*r + 43 = 0. Calculate the greatest common factor of w and o.
14
Let p(m) = 6*m - 10. Let t be p(7). Let u be 478/10 - (-4)/20. Calculate the greatest common divisor of t and u.
16
Let d(o) = -o**2 - 7*o + 11. Let k be d(-8). Let g be k/((-2)/252*-2). Calculate the highest common divisor of g and 27.
27
Let g = 55 + -37. Suppose a - 18 = -2*r - 0*r, 0 = 3*r + 4*a - 27. What is the greatest common factor of r and g?
9
Let u = -67 - 195. Let i = u - -374. What is the greatest common factor of 14 and i?
14
Let z = 111 + -75. Suppose 0*j = -2*j. Suppose -56 = -2*n - 5*m, 3*m - 66 = -j*n - 3*n. What is the highest common factor of z and n?
18
Suppose 0 = -4*n + 3*v + 1006, -2*n - 4*v + 8*v + 498 = 0. What is the highest common factor of n and 77?
11
Suppose 2*r + 51 - 43 = 0. Let y = r - -19. Let g(k) = 40*k. Let q be g(3). Calculate the highest common divisor of y and q.
15
Let m(y) = -y + 12. Suppose -3*t - 11 = -4*a - 49, -2*t - 26 = 2*a. Let n be m(a). Suppose -2*s = -1 - n. Calculate the highest common factor of s and 60.
12
Let d = 21971 - 21863. Let b = 3 + 9. Calculate the greatest common factor of d and b.
12
Suppose -3*v - 2*t + 5*t = -75, v = 3*t + 35. What is the highest common divisor of 90 and v?
10
Suppose -50 = -5*n - 0*n. Suppose -6*d + n = -d. Let p be (-131)/(-7) + d/7. Calculate the greatest common factor of p and 19.
19
Let v(g) = -g**3 - 7*g**2 - 2*g + 1. Let k be v(-7). Let c be (3792/k)/2 + (-4)/10. Calculate the greatest common factor of 18 and c.
18
Let r(b) = b**3 - 3*b**2 - 2*b + 3. Let d be r(4). Suppose 3*g - 1 = -v, -4*g + 8 = -2*v + 4*v. Let h = v + 12. What is the highest common factor of d and h?
11
Suppose 4*t - 5*b - 6 = 29, 2*t + 4*b - 50 = 0. Let i = -2 - -7. Let d be (-2)/i + (-752)/(-5). Calculate the greatest common factor of t and d.
15
Suppose -5*j + 135 = 4*v, -20*j = -19*j - 2*v - 13. What is the greatest common factor of j and 805?
23
Let j be -1*((-18)/3 - 3). Suppose 2*u - 9 - j = 0. What is the highest common factor of u and 9?
9
Let r be ((4 + -4)/(-4))/(6/2). Suppose -2*x + 2 = 0, 5*m + 2*x - 5*x - 187 = r. What is the highest common factor of 19 and m?
19
Let h be -8 - (-216 - (9 - 7)). Calculate the highest common factor of 168 and h.
42
Let n(m) = 28 + 6*m - 7*m - m. Let a be n(6). Calculate the highest common divisor of 24 and a.
8
Let w = -53 - -86. Suppose 4*k = -4, 4*o + 7 = 4*k + 23. What is the highest common factor of w and o?
3
Let m(s) = 3*s + 48. Let d(b) = -b - 12. Let n(y) = 9*d(y) + 2*m(y). Let r be n(-8). Calculate the greatest common factor of 84 and r.
12
Suppose -3*b = -2 - 58. Suppose -2 = -2*o - 2*w + 2, -2*o - 3*w + 7 = 0. Let s be 3 + (1 - (0 + o)). Calculate the highest common factor of b and s.
5
Let i(g) = -12*g**3 - 3*g**2 - 8*g + 1. Let s be (-4 + 2 - -5)*2/(-2). Let j be i(s). Calculate the greatest common divisor of 14 and j.
14
Let r = 129 - 74. Let f(s) = s**2 + 3*s - 5. Let n be f(2). Calculate the highest common factor of r and n.
5
Let c(a) = -6*a - a**2 - 4*a**3 + 3 - 2*a**2 + 1 + 3*a**3. Let j be c(-5). Calculate the greatest common divisor of j and 56.
28
Let r(p) = 6*p**3 + 3*p**2 - 4*p + 3. Let c be r(2). Suppose 0 = 3*h + 13 - 28. Calculate the greatest common divisor of h and c.
5
Let x(m) = -m**3 + 5*m + 5. Let y be x(-2). Suppose -y*s - 11 = -2*q, -4*q = -4*s + 1 - 17. Calculate the greatest common divisor of q and 11.
1
Let j = -752 - -1061. Calculate the highest common factor of j and 206.
103
Let b(p) = p**3 + 29*p**2 + 25*p - 58. Let h be b(-28). What is the highest common divisor of 16 and h?
2
Let p(v) = -v**2 + 33*v - 126. Let d be p(5). Calculate the greatest common divisor of d and 399.
7
Suppose 2*t - 14 = 6*x - x, 0 = 4*t - 4*x - 40. What is the greatest common divisor of t and 204?
12
Suppose -3*f + 8 = f. Let i be 2 - 1 - (-6 + f). Suppose -i*m + m + y + 32 = 0, 40 = 5*m - 4*y. Calculate the highest common factor of 1 and m.
1
Let j(i) = 7*i + 40. Let t be j(8). Calculate the highest common factor of t and 120.
24
Let s(j) = -j - 1. Let c be s(-3). Suppose -4*o - 4*b + c*b + 16 = 0, 3*o + b = 11. Calculate the greatest common divisor of 12 and o.
3
Let x(a) = a**3 - 3*a - 4 + 3*a**2 + 4. Let h = 735 - 733. Let v be x(h). Calculate the greatest common divisor of v and 35.
7
Suppose 3*j - 9 = -3*t + 15, -5*j = 2*t - 52. Calculate the greatest common factor of 174 and j.
6
Suppose -q - 9 = 3*l, 0 = -6*q + 2*q + 4*l + 12. Suppose q*y = -2*y - 5*n + 24, -2*n = -4*y + 48. Calculate the greatest common divisor of 24 and y.
12
Let g(x) = x**3 - x**2 - 13*x - 21. Let l be g(6). Calculate the highest common divisor of l and 63.
9
Suppose 4*x = -184 + 196. Let k = 13 + -4. Calculate the highest common factor of k and x.
3
Suppose 2*n - n - 20 = 0. Let b = -32 - -35. Suppose -b*o - 22 = -4*o + 3*c, 0 = -2*c - 8. What is the highest common divisor of n and o?
10
Let d be (0 - 26)/((-8)/4). Suppose -21*i = -23*i + 208. What is the greatest common divisor of i and d?
13
Let r = -7 + 10. Let c(g) = g**2 + 14*g - 30. Let k be c(-16). Suppose -2*w = -2*s - 10, 3*w - r*s - 25 = -k*s. What is the greatest common divisor of w and 2?
2
Let g = 1680 - 1665. What is the greatest common divisor of g and 2?
1
Suppose -z + 20 = 4*i, -2*z - z + 5*i + 26 = 0. Let y = -343 + 189. Let p = y + 226. Calculate the highest common divisor of z and p.
12
Suppose 0 = -3*c - 3*y + 57, -2*c - y + 0 = -37. Calculate the greatest common divisor of 99 and c.
9
Let q(c) = c**2 + 3*c. Let i be q(4). Let k be (-69)/(-15) + (-6)/10. Suppose 5*r = 5, 9*x = k*x + 5*r + 30. Calculate the greatest common divisor of i and x.
7
Let i = 259 - 155. Suppose 3*q - 54 = 3*w, 30 + 12 = 4*q + 2*w. What is the highest common factor of i and q?
13
Let u(a) = -2*a + 34. Let y be u(17). Suppose -4*p - d + 7 + 134 